{"id":347,"date":"2022-05-16T23:43:25","date_gmt":"2022-05-16T21:43:25","guid":{"rendered":"https:\/\/gites-de-saint-maxent.com\/?page_id=347"},"modified":"2022-05-16T23:50:11","modified_gmt":"2022-05-16T21:50:11","slug":"contact","status":"publish","type":"page","link":"https:\/\/gites-de-saint-maxent.com\/index.php\/contact\/","title":{"rendered":"Contact"},"content":{"rendered":"\t\t<div data-elementor-type=\"wp-page\" data-elementor-id=\"347\" class=\"elementor elementor-347\">\n\t\t\t\t\t\t<section class=\"elementor-section elementor-top-section elementor-element elementor-element-2577d68 elementor-section-stretched elementor-section-boxed elementor-section-height-default elementor-section-height-default\" data-id=\"2577d68\" data-element_type=\"section\" data-e-type=\"section\" data-settings=\"{&quot;stretch_section&quot;:&quot;section-stretched&quot;}\">\n\t\t\t\t\t\t<div class=\"elementor-container elementor-column-gap-default\">\n\t\t\t\t\t<div class=\"elementor-column elementor-col-100 elementor-top-column elementor-element elementor-element-af3d425\" data-id=\"af3d425\" data-element_type=\"column\" data-e-type=\"column\">\n\t\t\t<div class=\"elementor-widget-wrap elementor-element-populated\">\n\t\t\t\t\t\t<div class=\"elementor-element elementor-element-7b55293 elementor-invisible elementor-widget elementor-widget-heading\" data-id=\"7b55293\" data-element_type=\"widget\" data-e-type=\"widget\" data-settings=\"{&quot;_animation&quot;:&quot;fadeIn&quot;}\" data-widget_type=\"heading.default\">\n\t\t\t\t<div class=\"elementor-widget-container\">\n\t\t\t\t\t<h1 class=\"elementor-heading-title elementor-size-default\">Contact<\/h1>\t\t\t\t<\/div>\n\t\t\t\t<\/div>\n\t\t\t\t\t<\/div>\n\t\t<\/div>\n\t\t\t\t\t<\/div>\n\t\t<\/section>\n\t\t\t\t<section class=\"elementor-section elementor-top-section elementor-element elementor-element-85fbf06 elementor-section-stretched elementor-section-boxed elementor-section-height-default elementor-section-height-default\" data-id=\"85fbf06\" data-element_type=\"section\" data-e-type=\"section\" data-settings=\"{&quot;stretch_section&quot;:&quot;section-stretched&quot;}\">\n\t\t\t\t\t\t<div class=\"elementor-container elementor-column-gap-default\">\n\t\t\t\t\t<div class=\"elementor-column elementor-col-100 elementor-top-column elementor-element elementor-element-c1a4868\" data-id=\"c1a4868\" data-element_type=\"column\" data-e-type=\"column\">\n\t\t\t<div class=\"elementor-widget-wrap elementor-element-populated\">\n\t\t\t\t\t\t<div class=\"elementor-element elementor-element-3d69a4f elementor-invisible elementor-widget elementor-widget-heading\" data-id=\"3d69a4f\" data-element_type=\"widget\" data-e-type=\"widget\" data-settings=\"{&quot;_animation&quot;:&quot;fadeIn&quot;}\" data-widget_type=\"heading.default\">\n\t\t\t\t<div class=\"elementor-widget-container\">\n\t\t\t\t\t<h2 class=\"elementor-heading-title elementor-size-default\">\"les propri\u00e9taires\"<\/h2>\t\t\t\t<\/div>\n\t\t\t\t<\/div>\n\t\t\t\t\t<\/div>\n\t\t<\/div>\n\t\t\t\t\t<\/div>\n\t\t<\/section>\n\t\t\t\t<section class=\"elementor-section elementor-top-section elementor-element elementor-element-36a05cd elementor-section-boxed elementor-section-height-default elementor-section-height-default\" data-id=\"36a05cd\" data-element_type=\"section\" data-e-type=\"section\">\n\t\t\t\t\t\t<div class=\"elementor-container elementor-column-gap-default\">\n\t\t\t\t\t<div class=\"elementor-column elementor-col-100 elementor-top-column elementor-element elementor-element-d8347b3\" data-id=\"d8347b3\" data-element_type=\"column\" data-e-type=\"column\">\n\t\t\t<div class=\"elementor-widget-wrap elementor-element-populated\">\n\t\t\t\t\t\t<div class=\"elementor-element elementor-element-7c2e20d elementor-widget elementor-widget-text-editor\" data-id=\"7c2e20d\" data-element_type=\"widget\" data-e-type=\"widget\" data-widget_type=\"text-editor.default\">\n\t\t\t\t<div class=\"elementor-widget-container\">\n\t\t\t\t\t\t\t\t\t<h3><strong>M. et Mme CAGNARD<\/strong><br><strong>15 Rue du sac&nbsp;<\/strong><strong>80 SAINT MAXENT<\/strong><\/h3>\n<h3><strong>TEL 03.22.28.55.02<\/strong><\/h3>\n<h3><strong>maurice.cagnard@sfr.fr<\/strong><\/h3>\t\t\t\t\t\t\t\t<\/div>\n\t\t\t\t<\/div>\n\t\t\t\t\t<\/div>\n\t\t<\/div>\n\t\t\t\t\t<\/div>\n\t\t<\/section>\n\t\t\t\t<section class=\"elementor-section elementor-top-section elementor-element elementor-element-74860c1 elementor-section-stretched elementor-section-boxed elementor-section-height-default elementor-section-height-default\" data-id=\"74860c1\" data-element_type=\"section\" data-e-type=\"section\" data-settings=\"{&quot;stretch_section&quot;:&quot;section-stretched&quot;}\">\n\t\t\t\t\t\t<div class=\"elementor-container elementor-column-gap-default\">\n\t\t\t\t\t<div class=\"elementor-column elementor-col-100 elementor-top-column elementor-element elementor-element-e018f2a\" data-id=\"e018f2a\" data-element_type=\"column\" data-e-type=\"column\">\n\t\t\t<div class=\"elementor-widget-wrap elementor-element-populated\">\n\t\t\t\t\t\t<div class=\"elementor-element elementor-element-35d25b4 elementor-invisible elementor-widget elementor-widget-heading\" data-id=\"35d25b4\" data-element_type=\"widget\" data-e-type=\"widget\" data-settings=\"{&quot;_animation&quot;:&quot;fadeIn&quot;}\" data-widget_type=\"heading.default\">\n\t\t\t\t<div class=\"elementor-widget-container\">\n\t\t\t\t\t<h2 class=\"elementor-heading-title elementor-size-default\">services r\u00e9servations<\/h2>\t\t\t\t<\/div>\n\t\t\t\t<\/div>\n\t\t\t\t\t<\/div>\n\t\t<\/div>\n\t\t\t\t\t<\/div>\n\t\t<\/section>\n\t\t\t\t<section class=\"elementor-section elementor-top-section elementor-element elementor-element-a3b9182 elementor-section-boxed elementor-section-height-default elementor-section-height-default\" data-id=\"a3b9182\" data-element_type=\"section\" data-e-type=\"section\">\n\t\t\t\t\t\t<div class=\"elementor-container elementor-column-gap-default\">\n\t\t\t\t\t<div class=\"elementor-column elementor-col-100 elementor-top-column elementor-element elementor-element-84a0091\" data-id=\"84a0091\" data-element_type=\"column\" data-e-type=\"column\">\n\t\t\t<div class=\"elementor-widget-wrap elementor-element-populated\">\n\t\t\t\t\t\t<div class=\"elementor-element elementor-element-a5061f1 elementor-widget elementor-widget-text-editor\" data-id=\"a5061f1\" data-element_type=\"widget\" data-e-type=\"widget\" data-widget_type=\"text-editor.default\">\n\t\t\t\t<div class=\"elementor-widget-container\">\n\t\t\t\t\t\t\t\t\t<h4 style=\"text-align: center;\"><span style=\"color: #000000;\"><strong>Somme Tourisme<\/strong>,\u00a0<strong>Agence de D\u00e9veloppement et de R\u00e9servation Touristiques<\/strong><\/span><br \/><span style=\"color: #000000;\">Service de r\u00e9servation<\/span><br \/><span style=\"color: #000000;\">54 rue Saint-Fuscien\u00a0<\/span><span style=\"color: #000000;\">80000 Amiens<\/span><br \/><span style=\"color: #000000;\">du lundi au vendredi de 09h30 \u00e0 12h30 et de 13h30 \u00e0 17h30 (16h30 le vendredi)<\/span><br \/><span style=\"color: #000000;\"><strong>Tel : 03.22.71.22.70 &#8211; e-mail :<\/strong><\/span>\u00a0<a href=\"mailto:reservation@somme-tourisme.com\" target=\"_blank\" rel=\"noopener\">reservation@somme-tourisme.com<\/a><\/h4>\t\t\t\t\t\t\t\t<\/div>\n\t\t\t\t<\/div>\n\t\t\t\t\t<\/div>\n\t\t<\/div>\n\t\t\t\t\t<\/div>\n\t\t<\/section>\n\t\t\t\t<section class=\"elementor-section elementor-top-section elementor-element elementor-element-b2df6aa elementor-section-stretched elementor-section-boxed elementor-section-height-default elementor-section-height-default\" data-id=\"b2df6aa\" data-element_type=\"section\" data-e-type=\"section\" data-settings=\"{&quot;stretch_section&quot;:&quot;section-stretched&quot;}\">\n\t\t\t\t\t\t<div class=\"elementor-container elementor-column-gap-default\">\n\t\t\t\t\t<div class=\"elementor-column elementor-col-33 elementor-top-column elementor-element elementor-element-3f507fe\" data-id=\"3f507fe\" data-element_type=\"column\" data-e-type=\"column\">\n\t\t\t<div class=\"elementor-widget-wrap elementor-element-populated\">\n\t\t\t\t\t\t<div class=\"elementor-element elementor-element-b081dc7 elementor-widget elementor-widget-image\" data-id=\"b081dc7\" data-element_type=\"widget\" data-e-type=\"widget\" data-widget_type=\"image.default\">\n\t\t\t\t<div class=\"elementor-widget-container\">\n\t\t\t\t\t\t\t\t\t\t\t\t\t\t\t<img fetchpriority=\"high\" decoding=\"async\" width=\"936\" height=\"624\" src=\"https:\/\/i0.wp.com\/gites-de-saint-maxent.com\/wp-content\/uploads\/2022\/05\/IMG_7747.jpg?fit=936%2C624&amp;ssl=1\" class=\"attachment-large size-large wp-image-148\" alt=\"\" srcset=\"https:\/\/i0.wp.com\/gites-de-saint-maxent.com\/wp-content\/uploads\/2022\/05\/IMG_7747.jpg?w=936&amp;ssl=1 936w, https:\/\/i0.wp.com\/gites-de-saint-maxent.com\/wp-content\/uploads\/2022\/05\/IMG_7747.jpg?resize=300%2C200&amp;ssl=1 300w, https:\/\/i0.wp.com\/gites-de-saint-maxent.com\/wp-content\/uploads\/2022\/05\/IMG_7747.jpg?resize=768%2C512&amp;ssl=1 768w\" sizes=\"(max-width: 936px) 100vw, 936px\" \/>\t\t\t\t\t\t\t\t\t\t\t\t\t\t\t<\/div>\n\t\t\t\t<\/div>\n\t\t\t\t\t<\/div>\n\t\t<\/div>\n\t\t\t\t<div class=\"elementor-column elementor-col-33 elementor-top-column elementor-element elementor-element-75c94df\" data-id=\"75c94df\" data-element_type=\"column\" data-e-type=\"column\">\n\t\t\t<div class=\"elementor-widget-wrap elementor-element-populated\">\n\t\t\t\t\t\t<div class=\"elementor-element elementor-element-4c25f11 elementor-widget elementor-widget-image\" data-id=\"4c25f11\" data-element_type=\"widget\" data-e-type=\"widget\" data-widget_type=\"image.default\">\n\t\t\t\t<div class=\"elementor-widget-container\">\n\t\t\t\t\t\t\t\t\t\t\t\t\t\t\t<img decoding=\"async\" width=\"936\" height=\"624\" src=\"https:\/\/i0.wp.com\/gites-de-saint-maxent.com\/wp-content\/uploads\/2022\/05\/IMG_7746.jpg?fit=936%2C624&amp;ssl=1\" class=\"attachment-large size-large wp-image-147\" alt=\"\" srcset=\"https:\/\/i0.wp.com\/gites-de-saint-maxent.com\/wp-content\/uploads\/2022\/05\/IMG_7746.jpg?w=936&amp;ssl=1 936w, https:\/\/i0.wp.com\/gites-de-saint-maxent.com\/wp-content\/uploads\/2022\/05\/IMG_7746.jpg?resize=300%2C200&amp;ssl=1 300w, https:\/\/i0.wp.com\/gites-de-saint-maxent.com\/wp-content\/uploads\/2022\/05\/IMG_7746.jpg?resize=768%2C512&amp;ssl=1 768w\" sizes=\"(max-width: 936px) 100vw, 936px\" \/>\t\t\t\t\t\t\t\t\t\t\t\t\t\t\t<\/div>\n\t\t\t\t<\/div>\n\t\t\t\t\t<\/div>\n\t\t<\/div>\n\t\t\t\t<div class=\"elementor-column elementor-col-33 elementor-top-column elementor-element elementor-element-9888754\" data-id=\"9888754\" data-element_type=\"column\" data-e-type=\"column\">\n\t\t\t<div class=\"elementor-widget-wrap elementor-element-populated\">\n\t\t\t\t\t\t<div class=\"elementor-element elementor-element-3a757fd elementor-widget elementor-widget-image\" data-id=\"3a757fd\" data-element_type=\"widget\" data-e-type=\"widget\" data-widget_type=\"image.default\">\n\t\t\t\t<div class=\"elementor-widget-container\">\n\t\t\t\t\t\t\t\t\t\t\t\t\t\t\t<img decoding=\"async\" width=\"936\" height=\"624\" src=\"https:\/\/i0.wp.com\/gites-de-saint-maxent.com\/wp-content\/uploads\/2022\/05\/IMG_7745.jpg?fit=936%2C624&amp;ssl=1\" class=\"attachment-large size-large wp-image-146\" alt=\"\" srcset=\"https:\/\/i0.wp.com\/gites-de-saint-maxent.com\/wp-content\/uploads\/2022\/05\/IMG_7745.jpg?w=936&amp;ssl=1 936w, https:\/\/i0.wp.com\/gites-de-saint-maxent.com\/wp-content\/uploads\/2022\/05\/IMG_7745.jpg?resize=300%2C200&amp;ssl=1 300w, https:\/\/i0.wp.com\/gites-de-saint-maxent.com\/wp-content\/uploads\/2022\/05\/IMG_7745.jpg?resize=768%2C512&amp;ssl=1 768w\" sizes=\"(max-width: 936px) 100vw, 936px\" \/>\t\t\t\t\t\t\t\t\t\t\t\t\t\t\t<\/div>\n\t\t\t\t<\/div>\n\t\t\t\t\t<\/div>\n\t\t<\/div>\n\t\t\t\t\t<\/div>\n\t\t<\/section>\n\t\t\t\t<section class=\"elementor-section elementor-top-section elementor-element elementor-element-22db3f5a elementor-section-stretched elementor-section-boxed elementor-section-height-default elementor-section-height-default\" data-id=\"22db3f5a\" data-element_type=\"section\" data-e-type=\"section\" data-settings=\"{&quot;background_background&quot;:&quot;classic&quot;,&quot;stretch_section&quot;:&quot;section-stretched&quot;}\">\n\t\t\t\t\t\t<div class=\"elementor-container elementor-column-gap-default\">\n\t\t\t\t\t<div class=\"elementor-column elementor-col-100 elementor-top-column elementor-element elementor-element-70b811f1\" data-id=\"70b811f1\" data-element_type=\"column\" data-e-type=\"column\">\n\t\t\t<div class=\"elementor-widget-wrap elementor-element-populated\">\n\t\t\t\t\t\t<div class=\"elementor-element elementor-element-a922e9e elementor-widget elementor-widget-google_maps\" data-id=\"a922e9e\" data-element_type=\"widget\" data-e-type=\"widget\" data-widget_type=\"google_maps.default\">\n\t\t\t\t<div class=\"elementor-widget-container\">\n\t\t\t\t\t\t\t<div class=\"elementor-custom-embed\">\n\t\t\t<iframe loading=\"lazy\"\n\t\t\t\t\tsrc=\"https:\/\/maps.google.com\/maps?q=gite%20le%20fournil%20saint%20maxent&#038;t=m&#038;z=10&#038;output=embed&#038;iwloc=near\"\n\t\t\t\t\ttitle=\"gite le fournil saint maxent\"\n\t\t\t\t\taria-label=\"gite le fournil saint maxent\"\n\t\t\t><\/iframe>\n\t\t<\/div>\n\t\t\t\t\t\t<\/div>\n\t\t\t\t<\/div>\n\t\t\t\t\t<\/div>\n\t\t<\/div>\n\t\t\t\t\t<\/div>\n\t\t<\/section>\n\t\t\t\t<\/div>\n\t\t","protected":false},"excerpt":{"rendered":"<p>Contact \u00ab\u00a0les propri\u00e9taires\u00a0\u00bb M. et Mme CAGNARD15 Rue du sac&nbsp;80 SAINT MAXENT TEL 03.22.28.55.02 maurice.cagnard@sfr.fr services r\u00e9servations Somme Tourisme,\u00a0Agence de D\u00e9veloppement et de R\u00e9servation TouristiquesService de r\u00e9servation54 rue Saint-Fuscien\u00a080000 Amiensdu lundi au vendredi de 09h30 \u00e0 12h30 et de 13h30 &hellip; <a class=\"more-link\" href=\"https:\/\/gites-de-saint-maxent.com\/index.php\/contact\/\">read more<span class=\"meta-nav\"><\/span><\/a><\/p>\n","protected":false},"author":2,"featured_media":0,"parent":0,"menu_order":0,"comment_status":"closed","ping_status":"closed","template":"elementor_header_footer","meta":{"footnotes":""},"folder":[],"class_list":["post-347","page","type-page","status-publish","hentry"],"jetpack-related-posts":[],"jetpack_sharing_enabled":true,"_links":{"self":[{"href":"https:\/\/gites-de-saint-maxent.com\/index.php\/wp-json\/wp\/v2\/pages\/347","targetHints":{"allow":["GET"]}}],"collection":[{"href":"https:\/\/gites-de-saint-maxent.com\/index.php\/wp-json\/wp\/v2\/pages"}],"about":[{"href":"https:\/\/gites-de-saint-maxent.com\/index.php\/wp-json\/wp\/v2\/types\/page"}],"author":[{"embeddable":true,"href":"https:\/\/gites-de-saint-maxent.com\/index.php\/wp-json\/wp\/v2\/users\/2"}],"replies":[{"embeddable":true,"href":"https:\/\/gites-de-saint-maxent.com\/index.php\/wp-json\/wp\/v2\/comments?post=347"}],"version-history":[{"count":10,"href":"https:\/\/gites-de-saint-maxent.com\/index.php\/wp-json\/wp\/v2\/pages\/347\/revisions"}],"predecessor-version":[{"id":358,"href":"https:\/\/gites-de-saint-maxent.com\/index.php\/wp-json\/wp\/v2\/pages\/347\/revisions\/358"}],"wp:attachment":[{"href":"https:\/\/gites-de-saint-maxent.com\/index.php\/wp-json\/wp\/v2\/media?parent=347"}],"wp:term":[{"taxonomy":"folder","embeddable":true,"href":"https:\/\/gites-de-saint-maxent.com\/index.php\/wp-json\/wp\/v2\/folder?post=347"}],"curies":[{"name":"wp","href":"https:\/\/api.w.org\/{rel}","templated":true}]}}